at is the tens digit of p(-7)?
2
Let q(o) = -o + 38. What is the units digit of q(9)?
9
Let l be 26/7 + (-6)/(-21). Suppose -d = -2*k + 2 + 8, 2*d = -2*k + l. Suppose -k*y + 2 = -5*t - 46, 0 = 5*t. What is the tens digit of y?
1
Let n be 4/(-10) - (-6)/15. Suppose n = 2*k + 2*c - 54, 4*k + 141 = 9*k - c. What is the tens digit of k?
2
Let m = 25 - 9. Let s = m - 10. What is the units digit of s?
6
Let w(i) = i**3 + 7*i**2 - 2*i - 6. Let h be w(-4). Suppose -16 + h = 2*b. What is the units digit of b?
7
Let l = 2 - 6. Suppose 5 - 41 = 2*s + 3*k, -5*s + k - 90 = 0. Let u = l - s. What is the units digit of u?
4
Let u(o) = 4 - 4*o + o**3 + 5*o + 0*o**3. Let q be u(0). What is the units digit of (16/(-6))/(q/(-6))?
4
Let b = -4 + 7. Let q(h) = h**3 + 5*h**2 - 6*h + 6. Let f be q(-5). Suppose 37 = 5*y + b*z, 4*y + 3*z - f = -z. What is the units digit of y?
5
Suppose f + 3 - 4 = -z, 5*f - 4*z - 41 = 0. Let q(k) = -k**2 + 11*k - 7. What is the tens digit of q(f)?
2
Let n be 5/(((-4)/(-4))/1). What is the tens digit of 32 + -1*(4 - n)?
3
Let z be (-2 - (-9)/3)*6. Let t = 12 - z. What is the tens digit of -3*((-14)/t - 1)?
1
Let u(q) be the second derivative of q**5/20 - q**4/4 - q**3/6 + q**2 + 4*q. What is the tens digit of u(4)?
1
Let t(o) be the first derivative of -5*o**4/2 - 2*o**3/3 + o - 3. What is the units digit of t(-1)?
9
Suppose -13 + 1 = -4*z. Suppose -a + 4*h = -6, -1 = -z*a - 5*h - 0. What is the units digit of a?
2
Let q be -2 + (5 - (5 + -4)). Suppose q*k + 5*u - 53 = -0, -149 = -5*k + 4*u. What is the units digit of k?
9
Let q be (-2)/((-3)/(102/(-4))). Let b = q - -25. What is the units digit of b?
8
Let q(n) be the third derivative of n**6/120 + n**5/15 - n**4/12 - n**3/3 - n**2. What is the units digit of q(-4)?
6
What is the tens digit of 105 + (24/60 - (-13)/5)?
0
Let r = -25 + 25. Suppose r = -2*o + 3*j + 97, 2*o - 10 = -3*j + 93. What is the units digit of o?
0
Let v = 412 - 29. What is the units digit of v?
3
What is the tens digit of (8/2 - -78) + 0?
8
Let q(y) = 2*y + 5 - 6 - 4*y**3 + 3 - 2*y**2 + 5*y**3. What is the units digit of q(2)?
6
Let h = 48 - -7. Let r = -30 + h. What is the tens digit of r?
2
Suppose 9 = -5*n + 24. Suppose -5*o + 2*f = -80, 4*o + n*f - 23 = 18. What is the units digit of o?
4
Let l(i) = -i - 5. Let g be l(-9). Let j be ((-5)/(-2))/(2/g). Suppose -3*z + 11 - j = 0. What is the units digit of z?
2
Let j(a) = 2*a**2 + 4*a + 2. Let h be j(-2). Let u = 13 + h. What is the units digit of u?
5
Let h be 1 + 1 + 1 - -3. What is the units digit of ((-2)/h)/(4/(-96))?
8
Let i be (12 + -3)*2/2. Suppose -39 = -4*o + i. Suppose x - o = b, -4*x = x + 2*b - 32. What is the units digit of x?
8
What is the units digit of 30/50 - 72/(-5)?
5
Suppose 3*j - 3*s - 153 = -36, -2*s = 2*j - 58. Let w = j - 22. What is the tens digit of w?
1
Let c(n) = -n**2 - 21*n + 18. What is the hundreds digit of c(-14)?
1
Let s be 2*(1 + 1 - 0). Suppose 0 = s*m - 2*l - 108, 4*m + l = -m + 121. Suppose q = -4*q + m. What is the units digit of q?
5
Let o be (-48)/15*25/(-10). Suppose -v - 32 = -4*d + v, -o = 2*v. What is the units digit of d?
6
Let t(k) = 4*k**2 - 2*k + 5. What is the tens digit of t(3)?
3
Let f = -10 + 14. Suppose 0 = -2*h - f*a + 44, 3*h - 7*a = -4*a + 93. What is the units digit of h?
8
Let v(m) = -m**3 + 10*m**2 - 5*m - 3. Let x be v(8). Suppose -3*k = -5*d + d + x, -d + 4*k = -18. What is the units digit of d?
2
Let p = 15 + -11. Suppose -p*r = -5*r - 1. What is the units digit of -2*r/(-1)*-2?
4
Let j be (-55)/4 + (-1)/4. What is the units digit of 1/((j/(-24))/7)?
2
Let a(r) = 35*r**2 + 2*r + 3. What is the units digit of a(-1)?
6
Let x(y) = 9*y - 1. What is the tens digit of x(6)?
5
Suppose -r + 2*r + 5*y = 36, -r + 2*y = -15. What is the tens digit of r?
2
Let m(d) = 8*d**2 + 2*d + 4. What is the units digit of m(4)?
0
Suppose -5*z = 6*z - 1001. What is the units digit of z?
1
Let y(f) = -f - 1. Let z be y(0). Let u be (-3 + 2)/(-2 - z). What is the tens digit of ((-1 - -28) + u)/2?
1
Let c = 31 + -56. Let o = -15 - c. What is the units digit of o?
0
Suppose c - 2*n = n + 5, 3*c = -2*n + 15. Suppose c*a + 53 = -2*o, 5*a - 5*o + o = -59. Let d = -7 - a. What is the units digit of d?
4
Let k(n) = n**3 + 5*n**2 - n - 1. Suppose -5*h + 4*h = 5. What is the units digit of k(h)?
4
Let i = 20 - -6. What is the units digit of i?
6
Let o = -2 - -25. What is the units digit of o?
3
Let u(f) = f - 6. Let c be u(6). Suppose -3*j + 0*j = 0. Suppose c*q + 2*q - 8 = j. What is the units digit of q?
4
Suppose 0 = -2*c + 5*w - 156, -5*c - 208 = 5*w + 217. Let f = -54 - c. Suppose -4*o = -39 - f. What is the units digit of o?
7
Let y(t) = -3 + 5 + 9*t**2 - 3. Suppose -1 = 3*n + 2. What is the units digit of y(n)?
8
Let v(j) = -j**2 - 9*j - 7. Let l be v(-6). Suppose 3*r - 4*d + 7 = -34, 5*d - 32 = r. Let z = l + r. What is the units digit of z?
4
Let v be ((-2)/(-3))/(2/(-3)). Let k be (-2)/((-2)/(-6) + v). Suppose k*u - 13 = -1. What is the units digit of u?
4
Suppose -2*w - 3 = 5. What is the units digit of 25 + 0/(4/w)?
5
Let m(u) = 4*u**2 - 11*u + 38. What is the units digit of m(5)?
3
Let p = -8 + 11. Let h(n) = -n**3 + n**2 + n + 1. Let q(f) = 4*f**3 - 8*f**2 + f - 5. Let d(s) = -3*h(s) - q(s). What is the units digit of d(p)?
8
Let s be 20/(-90) - (-2)/9. Let v = 9 - s. What is the units digit of v?
9
Suppose 0 = -0*l + 4*l + 12. Let o be l + 6*2 - 3. Suppose -3*f + s + 49 = o*s, -3*s - 20 = -2*f. What is the units digit of f?
3
Let l = -32 + 53. Suppose -5*f = -k - l, k - f + 0 = -1. Suppose 5*x + z = 13, 3*x + k*z + 17 = 6*x. What is the units digit of x?
3
Suppose -624 = 2*c - 5*c + 3*k, 3*c - 629 = 4*k. What is the hundreds digit of c?
2
Let p(q) = -q**3 + 9*q**2 + 2*q - 5. What is the tens digit of p(9)?
1
Let a = -4 + 1. Let k(y) = 2*y**3 - 5*y**2. Let n(z) = -5*z**3 + 11*z**2 + z + 1. Let r(q) = 7*k(q) + 3*n(q). What is the units digit of r(a)?
3
What is the tens digit of 5 + -2 + -1*(-35)/1?
3
Let j(b) = 5*b**2 + 9*b - 13. Let s(i) = -9*i**2 - 18*i + 25. Let l(c) = -11*j(c) - 6*s(c). What is the tens digit of l(6)?
1
Let a = -6 + 8. What is the units digit of a/(-6) + 104/6?
7
Suppose -k = 24 - 257. What is the tens digit of k?
3
Let k be (12 + 0)*4/8. Let i = k + -4. What is the units digit of i?
2
Suppose 4*w - 3*w = -d - 29, -5*d = -3*w - 55. Let a = -5 - w. What is the units digit of a?
0
Suppose 0*b + b - 13 = 2*g, 0 = -2*g - 8. Let u be b*-2*3/(-6). Let c = 1 + u. What is the units digit of c?
6
Let i be (0*(-1)/(-1))/(-1). Suppose i = -u + h + 13, u - 2*u + 11 = -3*h. Suppose -2*c = 2*w - u, -19 + 55 = 4*w - 4*c. What is the units digit of w?
8
Let j = -2 + 7. Suppose 0*c = -j*c + 105. What is the units digit of c?
1
Let p(j) = 5*j**2 - 10*j + 1. What is the units digit of p(6)?
1
Suppose -3*o + 6 = 0, -3*d + 4 = -5*o + 20. Let n(r) = -23*r + 2. Let x be n(d). Suppose b = 4*b - x. What is the units digit of b?
6
Let b = 2 - -3. What is the units digit of b?
5
Let h(c) = 63*c + 10. What is the tens digit of h(3)?
9
Suppose 5*f = -i + 5*i + 214, 2*f + 2*i - 82 = 0. What is the tens digit of f?
4
Suppose 6*r - 12 = 3*r. Let z = -16 + 26. Let m = z - r. What is the units digit of m?
6
Suppose -m = 2*q - 7, m + 2 = -2*q + 3*q. Suppose d = u + 4*u - q, -5*d - u + 11 = 0. What is the units digit of d?
2
Suppose 3*v - 22 = 2*m - 6*m, 0 = v - m - 12. Let u = v + -18. What is the units digit of 2*(-2)/u*14?
7
Let d be ((-40)/16)/(1/(-2)). Let s be (6/d)/(2/10). Let w(y) = 3*y - 2. What is the tens digit of w(s)?
1
Suppose -5*n + g + 11 = -7, -5*n = -5*g - 10. What is the tens digit of n*(-68)/(-8) + -2?
3
Suppose -3*w = i - 24, 5*i - 131 + 45 = 2*w. Suppose -2*c = -3*c. Suppose d + d - i = c. What is the units digit of d?
9
Let n be (-1)/4 - 1398/(-24). Let z be n/4 + 5/(-10). Let u = z - 6. What is the units digit of u?
8
Let c(m) be the third derivative of m**4/24 - m**3 - 2*m**2. Let g be c(5). What is the units digit of (g - 2) + -4 + 11?
4
Let x(d) = d**3 - 7*d**2 + 6*d + 8. Let u be x(6). Let a(b) = -13 - 2*b**2 + 4 + 10*b + b**2. What is the units digit of a(u)?
7
What is the tens digit of (516/30)/((-2)/(-5))?
4
Let h(s) = s**3 - 5*s**2 + 2*s + 1. Suppose 37 = 4*b - 4*g - 3, -16 = -4*b - 4*g. Suppose -b